{"id":8,"date":"2024-11-22T09:10:57","date_gmt":"2024-11-22T08:10:57","guid":{"rendered":"http:\/\/pme2024wp.projekte-mit-energie.de\/?page_id=8"},"modified":"2024-11-28T07:33:37","modified_gmt":"2024-11-28T06:33:37","slug":"home","status":"publish","type":"page","link":"https:\/\/www.projekte-mit-energie.de\/","title":{"rendered":"Home"},"content":{"rendered":"\t\t<div data-elementor-type=\"wp-page\" data-elementor-id=\"8\" class=\"elementor elementor-8\">\n\t\t\t\t<div class=\"elementor-element elementor-element-c916d16 e-flex e-con-boxed e-con e-parent\" data-id=\"c916d16\" data-element_type=\"container\">\n\t\t\t\t\t<div class=\"e-con-inner\">\n\t\t<div class=\"elementor-element elementor-element-a67e25d e-con-full e-flex e-con e-child\" data-id=\"a67e25d\" data-element_type=\"container\">\n\t\t\t\t<div class=\"elementor-element elementor-element-4fff7db elementor-invisible elementor-widget elementor-widget-image\" data-id=\"4fff7db\" data-element_type=\"widget\" data-settings=\"{&quot;_animation&quot;:&quot;fadeInLeft&quot;}\" data-widget_type=\"image.default\">\n\t\t\t\t<div class=\"elementor-widget-container\">\n\t\t\t\t\t\t\t\t\t\t\t\t\t<img fetchpriority=\"high\" decoding=\"async\" width=\"250\" height=\"250\" src=\"https:\/\/www.projekte-mit-energie.de\/wp-content\/uploads\/sonne.png\" class=\"attachment-large size-large wp-image-38\" alt=\"\" srcset=\"https:\/\/www.projekte-mit-energie.de\/wp-content\/uploads\/sonne.png 250w, https:\/\/www.projekte-mit-energie.de\/wp-content\/uploads\/sonne-150x150.png 150w\" sizes=\"(max-width: 250px) 100vw, 250px\" \/>\t\t\t\t\t\t\t\t\t\t\t\t\t<\/div>\n\t\t\t\t<\/div>\n\t\t\t\t<\/div>\n\t\t<div class=\"elementor-element elementor-element-98ad37e e-con-full e-flex e-con e-child\" data-id=\"98ad37e\" data-element_type=\"container\">\n\t\t\t\t<div class=\"elementor-element elementor-element-74f39f2 elementor-invisible elementor-widget elementor-widget-image\" data-id=\"74f39f2\" data-element_type=\"widget\" data-settings=\"{&quot;_animation&quot;:&quot;fadeInRight&quot;}\" data-widget_type=\"image.default\">\n\t\t\t\t<div class=\"elementor-widget-container\">\n\t\t\t\t\t\t\t\t\t\t\t\t\t<img decoding=\"async\" width=\"750\" height=\"250\" src=\"https:\/\/www.projekte-mit-energie.de\/wp-content\/uploads\/wolken.png\" class=\"attachment-large size-large wp-image-39\" alt=\"\" srcset=\"https:\/\/www.projekte-mit-energie.de\/wp-content\/uploads\/wolken.png 750w, https:\/\/www.projekte-mit-energie.de\/wp-content\/uploads\/wolken-300x100.png 300w\" sizes=\"(max-width: 750px) 100vw, 750px\" \/>\t\t\t\t\t\t\t\t\t\t\t\t\t<\/div>\n\t\t\t\t<\/div>\n\t\t\t\t<\/div>\n\t\t\t\t\t<\/div>\n\t\t\t\t<\/div>\n\t\t<div class=\"elementor-element elementor-element-41ed20c e-flex e-con-boxed e-con e-parent\" data-id=\"41ed20c\" data-element_type=\"container\">\n\t\t\t\t\t<div class=\"e-con-inner\">\n\t\t\t\t<div class=\"elementor-element elementor-element-2e20fb5 elementor-widget elementor-widget-spacer\" data-id=\"2e20fb5\" data-element_type=\"widget\" data-widget_type=\"spacer.default\">\n\t\t\t\t<div class=\"elementor-widget-container\">\n\t\t\t\t\t<div class=\"elementor-spacer\">\n\t\t\t<div class=\"elementor-spacer-inner\"><\/div>\n\t\t<\/div>\n\t\t\t\t<\/div>\n\t\t\t\t<\/div>\n\t\t\t\t\t<\/div>\n\t\t\t\t<\/div>\n\t\t<div class=\"elementor-element elementor-element-a1b7e28 e-flex e-con-boxed e-con e-parent\" data-id=\"a1b7e28\" data-element_type=\"container\" data-settings=\"{&quot;background_background&quot;:&quot;classic&quot;}\">\n\t\t\t\t\t<div class=\"e-con-inner\">\n\t\t<div class=\"elementor-element elementor-element-1632b44 e-con-full e-flex e-con e-child\" data-id=\"1632b44\" data-element_type=\"container\">\n\t\t\t\t<div class=\"elementor-element elementor-element-7848c38 elementor-widget elementor-widget-spacer\" data-id=\"7848c38\" data-element_type=\"widget\" data-widget_type=\"spacer.default\">\n\t\t\t\t<div class=\"elementor-widget-container\">\n\t\t\t\t\t<div class=\"elementor-spacer\">\n\t\t\t<div class=\"elementor-spacer-inner\"><\/div>\n\t\t<\/div>\n\t\t\t\t<\/div>\n\t\t\t\t<\/div>\n\t\t\t\t<div class=\"elementor-element elementor-element-a8e88a3 elementor-widget elementor-widget-image\" data-id=\"a8e88a3\" data-element_type=\"widget\" data-widget_type=\"image.default\">\n\t\t\t\t<div class=\"elementor-widget-container\">\n\t\t\t\t\t\t\t\t\t\t\t\t\t<img decoding=\"async\" width=\"250\" height=\"396\" src=\"https:\/\/www.projekte-mit-energie.de\/wp-content\/uploads\/harald.jpg\" class=\"attachment-large size-large wp-image-26\" alt=\"\" srcset=\"https:\/\/www.projekte-mit-energie.de\/wp-content\/uploads\/harald.jpg 250w, https:\/\/www.projekte-mit-energie.de\/wp-content\/uploads\/harald-189x300.jpg 189w\" sizes=\"(max-width: 250px) 100vw, 250px\" \/>\t\t\t\t\t\t\t\t\t\t\t\t\t<\/div>\n\t\t\t\t<\/div>\n\t\t\t\t<div class=\"elementor-element elementor-element-9ae6287 elementor-widget elementor-widget-spacer\" data-id=\"9ae6287\" data-element_type=\"widget\" data-widget_type=\"spacer.default\">\n\t\t\t\t<div class=\"elementor-widget-container\">\n\t\t\t\t\t<div class=\"elementor-spacer\">\n\t\t\t<div class=\"elementor-spacer-inner\"><\/div>\n\t\t<\/div>\n\t\t\t\t<\/div>\n\t\t\t\t<\/div>\n\t\t\t\t<\/div>\n\t\t<div class=\"elementor-element elementor-element-b0c61e1 e-con-full e-flex e-con e-child\" data-id=\"b0c61e1\" data-element_type=\"container\">\n\t\t\t\t<div class=\"elementor-element elementor-element-ad523ec elementor-widget elementor-widget-spacer\" data-id=\"ad523ec\" data-element_type=\"widget\" data-widget_type=\"spacer.default\">\n\t\t\t\t<div class=\"elementor-widget-container\">\n\t\t\t\t\t<div class=\"elementor-spacer\">\n\t\t\t<div class=\"elementor-spacer-inner\"><\/div>\n\t\t<\/div>\n\t\t\t\t<\/div>\n\t\t\t\t<\/div>\n\t\t\t\t<div class=\"elementor-element elementor-element-ce0ea5a elementor-widget elementor-widget-heading\" data-id=\"ce0ea5a\" data-element_type=\"widget\" data-widget_type=\"heading.default\">\n\t\t\t\t<div class=\"elementor-widget-container\">\n\t\t\t<h2 class=\"elementor-heading-title elementor-size-default\">Projekte mit Energie<\/h2>\t\t<\/div>\n\t\t\t\t<\/div>\n\t\t\t\t<div class=\"elementor-element elementor-element-e94f6b2 elementor-widget elementor-widget-text-editor\" data-id=\"e94f6b2\" data-element_type=\"widget\" data-widget_type=\"text-editor.default\">\n\t\t\t\t<div class=\"elementor-widget-container\">\n\t\t\t\t\t\t\t<p>In Zeiten hoher Energiepreise ist es f\u00fcr Unternehmen wichtig, die Energieeffizienz zu steigern, um die Energiekosten unter Kontrolle zu halten und damit die Wettbewerbsf\u00e4higkeit zu sichern. Projekte mit Energie bietet Ihnen dazu ma\u00dfgeschneiderte Dienstleistungen in den Bereichen Energieberatung, Energiemanagement, Abw\u00e4rmenutzung sowie Beratung zu F\u00f6rderprogrammen. Kontaktieren Sie uns!<\/p>\t\t\t\t\t\t<\/div>\n\t\t\t\t<\/div>\n\t\t\t\t<div class=\"elementor-element elementor-element-9bed804 elementor-widget elementor-widget-spacer\" data-id=\"9bed804\" data-element_type=\"widget\" data-widget_type=\"spacer.default\">\n\t\t\t\t<div class=\"elementor-widget-container\">\n\t\t\t\t\t<div class=\"elementor-spacer\">\n\t\t\t<div class=\"elementor-spacer-inner\"><\/div>\n\t\t<\/div>\n\t\t\t\t<\/div>\n\t\t\t\t<\/div>\n\t\t\t\t<\/div>\n\t\t\t\t\t<\/div>\n\t\t\t\t<\/div>\n\t\t<div class=\"elementor-element elementor-element-b03f9be e-flex e-con-boxed e-con e-parent\" data-id=\"b03f9be\" data-element_type=\"container\">\n\t\t\t\t\t<div class=\"e-con-inner\">\n\t\t<div class=\"elementor-element elementor-element-541ed05 e-con-full e-flex e-con e-child\" data-id=\"541ed05\" data-element_type=\"container\">\n\t\t\t\t<div class=\"elementor-element elementor-element-8925118 elementor-view-default elementor-widget elementor-widget-icon\" data-id=\"8925118\" data-element_type=\"widget\" data-widget_type=\"icon.default\">\n\t\t\t\t<div class=\"elementor-widget-container\">\n\t\t\t\t\t<div class=\"elementor-icon-wrapper\">\n\t\t\t<div class=\"elementor-icon\">\n\t\t\t<svg aria-hidden=\"true\" class=\"e-font-icon-svg e-fas-angle-down\" viewBox=\"0 0 320 512\" xmlns=\"http:\/\/www.w3.org\/2000\/svg\"><path d=\"M143 352.3L7 216.3c-9.4-9.4-9.4-24.6 0-33.9l22.6-22.6c9.4-9.4 24.6-9.4 33.9 0l96.4 96.4 96.4-96.4c9.4-9.4 24.6-9.4 33.9 0l22.6 22.6c9.4 9.4 9.4 24.6 0 33.9l-136 136c-9.2 9.4-24.4 9.4-33.8 0z\"><\/path><\/svg>\t\t\t<\/div>\n\t\t<\/div>\n\t\t\t\t<\/div>\n\t\t\t\t<\/div>\n\t\t\t\t<div class=\"elementor-element elementor-element-de970a6 elementor-widget elementor-widget-heading\" data-id=\"de970a6\" data-element_type=\"widget\" data-widget_type=\"heading.default\">\n\t\t\t\t<div class=\"elementor-widget-container\">\n\t\t\t<h2 class=\"elementor-heading-title elementor-size-default\">Energieaudits nach DIN 16247<\/h2>\t\t<\/div>\n\t\t\t\t<\/div>\n\t\t\t\t<div class=\"elementor-element elementor-element-de11391 elementor-widget elementor-widget-text-editor\" data-id=\"de11391\" data-element_type=\"widget\" data-widget_type=\"text-editor.default\">\n\t\t\t\t<div class=\"elementor-widget-container\">\n\t\t\t\t\t\t\t<ul><li>BAFA gef\u00f6rderte Energieberatungen\u00a0<\/li><li>BAFA F\u00f6rderung bis zu 3.000\u20ac<\/li><li>Energieaudits nach EDL-G<\/li><\/ul>\t\t\t\t\t\t<\/div>\n\t\t\t\t<\/div>\n\t\t\t\t<\/div>\n\t\t<div class=\"elementor-element elementor-element-788ec56 e-con-full e-flex e-con e-child\" data-id=\"788ec56\" data-element_type=\"container\">\n\t\t\t\t<div class=\"elementor-element elementor-element-2e56de5 elementor-view-default elementor-widget elementor-widget-icon\" data-id=\"2e56de5\" data-element_type=\"widget\" data-widget_type=\"icon.default\">\n\t\t\t\t<div class=\"elementor-widget-container\">\n\t\t\t\t\t<div class=\"elementor-icon-wrapper\">\n\t\t\t<div class=\"elementor-icon\">\n\t\t\t<svg aria-hidden=\"true\" class=\"e-font-icon-svg e-fas-angle-down\" viewBox=\"0 0 320 512\" xmlns=\"http:\/\/www.w3.org\/2000\/svg\"><path d=\"M143 352.3L7 216.3c-9.4-9.4-9.4-24.6 0-33.9l22.6-22.6c9.4-9.4 24.6-9.4 33.9 0l96.4 96.4 96.4-96.4c9.4-9.4 24.6-9.4 33.9 0l22.6 22.6c9.4 9.4 9.4 24.6 0 33.9l-136 136c-9.2 9.4-24.4 9.4-33.8 0z\"><\/path><\/svg>\t\t\t<\/div>\n\t\t<\/div>\n\t\t\t\t<\/div>\n\t\t\t\t<\/div>\n\t\t\t\t<div class=\"elementor-element elementor-element-7e7eee2 elementor-widget elementor-widget-heading\" data-id=\"7e7eee2\" data-element_type=\"widget\" data-widget_type=\"heading.default\">\n\t\t\t\t<div class=\"elementor-widget-container\">\n\t\t\t<h2 class=\"elementor-heading-title elementor-size-default\">Energiemanagement<\/h2>\t\t<\/div>\n\t\t\t\t<\/div>\n\t\t\t\t<div class=\"elementor-element elementor-element-1ffd235 elementor-widget elementor-widget-text-editor\" data-id=\"1ffd235\" data-element_type=\"widget\" data-widget_type=\"text-editor.default\">\n\t\t\t\t<div class=\"elementor-widget-container\">\n\t\t\t\t\t\t\t<ul><li>Beratung bei der Einf\u00fchrung von Energiemanagementsystemen nach DIN ISO 50001<\/li><li>Externer Energiebeauftragter f\u00fcr die Unterhaltung eines Energiemanagement nach DIN ISO 50001<\/li><\/ul>\t\t\t\t\t\t<\/div>\n\t\t\t\t<\/div>\n\t\t\t\t<\/div>\n\t\t\t\t\t<\/div>\n\t\t\t\t<\/div>\n\t\t<div class=\"elementor-element elementor-element-a16c261 e-flex e-con-boxed e-con e-parent\" data-id=\"a16c261\" data-element_type=\"container\">\n\t\t\t\t\t<div class=\"e-con-inner\">\n\t\t<div class=\"elementor-element elementor-element-ce963bd e-con-full e-flex e-con e-child\" data-id=\"ce963bd\" data-element_type=\"container\">\n\t\t\t\t<div class=\"elementor-element elementor-element-2d5208b elementor-view-default elementor-widget elementor-widget-icon\" data-id=\"2d5208b\" data-element_type=\"widget\" data-widget_type=\"icon.default\">\n\t\t\t\t<div class=\"elementor-widget-container\">\n\t\t\t\t\t<div class=\"elementor-icon-wrapper\">\n\t\t\t<div class=\"elementor-icon\">\n\t\t\t<svg aria-hidden=\"true\" class=\"e-font-icon-svg e-fas-angle-down\" viewBox=\"0 0 320 512\" xmlns=\"http:\/\/www.w3.org\/2000\/svg\"><path d=\"M143 352.3L7 216.3c-9.4-9.4-9.4-24.6 0-33.9l22.6-22.6c9.4-9.4 24.6-9.4 33.9 0l96.4 96.4 96.4-96.4c9.4-9.4 24.6-9.4 33.9 0l22.6 22.6c9.4 9.4 9.4 24.6 0 33.9l-136 136c-9.2 9.4-24.4 9.4-33.8 0z\"><\/path><\/svg>\t\t\t<\/div>\n\t\t<\/div>\n\t\t\t\t<\/div>\n\t\t\t\t<\/div>\n\t\t\t\t<div class=\"elementor-element elementor-element-a3ef7a4 elementor-widget elementor-widget-heading\" data-id=\"a3ef7a4\" data-element_type=\"widget\" data-widget_type=\"heading.default\">\n\t\t\t\t<div class=\"elementor-widget-container\">\n\t\t\t<h2 class=\"elementor-heading-title elementor-size-default\">Abw\u00e4rmeberatung<\/h2>\t\t<\/div>\n\t\t\t\t<\/div>\n\t\t\t\t<div class=\"elementor-element elementor-element-3b273c0 elementor-widget elementor-widget-text-editor\" data-id=\"3b273c0\" data-element_type=\"widget\" data-widget_type=\"text-editor.default\">\n\t\t\t\t<div class=\"elementor-widget-container\">\n\t\t\t\t\t\t\t<ul><li>Zertifizierter Abw\u00e4rmeberater<\/li><li>Unterst\u00fctzung bei der Zusammenstellung der Daten f\u00fcr die Plattform f\u00fcr Abw\u00e4rme im Rahmen der Anforderungen aus dem Energieeffizienzgesetz (EnEfG)<\/li><li>Durchf\u00fchrung einer L-Bank gef\u00f6rderten Abw\u00e4rmeberatung<\/li><li>L-Bank F\u00f6rderung 80%<\/li><\/ul>\t\t\t\t\t\t<\/div>\n\t\t\t\t<\/div>\n\t\t\t\t<div class=\"elementor-element elementor-element-d11b365 elementor-widget elementor-widget-spacer\" data-id=\"d11b365\" data-element_type=\"widget\" data-widget_type=\"spacer.default\">\n\t\t\t\t<div class=\"elementor-widget-container\">\n\t\t\t\t\t<div class=\"elementor-spacer\">\n\t\t\t<div class=\"elementor-spacer-inner\"><\/div>\n\t\t<\/div>\n\t\t\t\t<\/div>\n\t\t\t\t<\/div>\n\t\t\t\t<\/div>\n\t\t<div class=\"elementor-element elementor-element-9aba1df e-con-full e-flex e-con e-child\" data-id=\"9aba1df\" data-element_type=\"container\">\n\t\t\t\t<div class=\"elementor-element elementor-element-2d53592 elementor-view-default elementor-widget elementor-widget-icon\" data-id=\"2d53592\" data-element_type=\"widget\" data-widget_type=\"icon.default\">\n\t\t\t\t<div class=\"elementor-widget-container\">\n\t\t\t\t\t<div class=\"elementor-icon-wrapper\">\n\t\t\t<div class=\"elementor-icon\">\n\t\t\t<svg aria-hidden=\"true\" class=\"e-font-icon-svg e-fas-angle-down\" viewBox=\"0 0 320 512\" xmlns=\"http:\/\/www.w3.org\/2000\/svg\"><path d=\"M143 352.3L7 216.3c-9.4-9.4-9.4-24.6 0-33.9l22.6-22.6c9.4-9.4 24.6-9.4 33.9 0l96.4 96.4 96.4-96.4c9.4-9.4 24.6-9.4 33.9 0l22.6 22.6c9.4 9.4 9.4 24.6 0 33.9l-136 136c-9.2 9.4-24.4 9.4-33.8 0z\"><\/path><\/svg>\t\t\t<\/div>\n\t\t<\/div>\n\t\t\t\t<\/div>\n\t\t\t\t<\/div>\n\t\t\t\t<div class=\"elementor-element elementor-element-e604e49 elementor-widget elementor-widget-heading\" data-id=\"e604e49\" data-element_type=\"widget\" data-widget_type=\"heading.default\">\n\t\t\t\t<div class=\"elementor-widget-container\">\n\t\t\t<h2 class=\"elementor-heading-title elementor-size-default\">Erg\u00e4nzende Dienstleistungen<\/h2>\t\t<\/div>\n\t\t\t\t<\/div>\n\t\t\t\t<div class=\"elementor-element elementor-element-6b5be67 elementor-widget elementor-widget-text-editor\" data-id=\"6b5be67\" data-element_type=\"widget\" data-widget_type=\"text-editor.default\">\n\t\t\t\t<div class=\"elementor-widget-container\">\n\t\t\t\t\t\t\t<ul><li>Unterst\u00fctzung bei F\u00f6rderprogrammen von BAFA, KfW und L-Bank<\/li><\/ul>\t\t\t\t\t\t<\/div>\n\t\t\t\t<\/div>\n\t\t\t\t<\/div>\n\t\t\t\t\t<\/div>\n\t\t\t\t<\/div>\n\t\t<div class=\"elementor-element elementor-element-7edcbcd e-flex e-con-boxed e-con e-parent\" data-id=\"7edcbcd\" data-element_type=\"container\" data-settings=\"{&quot;background_background&quot;:&quot;classic&quot;}\">\n\t\t\t\t\t<div class=\"e-con-inner\">\n\t\t<div class=\"elementor-element elementor-element-5c37592 e-con-full e-flex e-con e-child\" data-id=\"5c37592\" data-element_type=\"container\">\n\t\t\t\t<div class=\"elementor-element elementor-element-6f6bb35 elementor-widget elementor-widget-spacer\" data-id=\"6f6bb35\" data-element_type=\"widget\" data-widget_type=\"spacer.default\">\n\t\t\t\t<div class=\"elementor-widget-container\">\n\t\t\t\t\t<div class=\"elementor-spacer\">\n\t\t\t<div class=\"elementor-spacer-inner\"><\/div>\n\t\t<\/div>\n\t\t\t\t<\/div>\n\t\t\t\t<\/div>\n\t\t\t\t<div class=\"elementor-element elementor-element-e267af8 elementor-widget elementor-widget-heading\" data-id=\"e267af8\" data-element_type=\"widget\" data-widget_type=\"heading.default\">\n\t\t\t\t<div class=\"elementor-widget-container\">\n\t\t\t<h2 class=\"elementor-heading-title elementor-size-default\">Kontaktieren Sie uns<\/h2>\t\t<\/div>\n\t\t\t\t<\/div>\n\t\t\t\t<div class=\"elementor-element elementor-element-ca5b2e6 elementor-widget elementor-widget-text-editor\" data-id=\"ca5b2e6\" data-element_type=\"widget\" data-widget_type=\"text-editor.default\">\n\t\t\t\t<div class=\"elementor-widget-container\">\n\t\t\t\t\t\t\t<p>Telefon: 07258-3271401<\/p><p>Telefax: 07258-3271402<\/p><p>Mobiltelefon: 0151-50732724<\/p><p>E-Mail: abelh@projekte-mit-energie.de<\/p>\t\t\t\t\t\t<\/div>\n\t\t\t\t<\/div>\n\t\t\t\t<\/div>\n\t\t<div class=\"elementor-element elementor-element-e0ec7fd e-con-full e-flex e-con e-child\" data-id=\"e0ec7fd\" data-element_type=\"container\">\n\t\t\t\t<div class=\"elementor-element elementor-element-c40b4fb elementor-widget elementor-widget-spacer\" data-id=\"c40b4fb\" data-element_type=\"widget\" data-widget_type=\"spacer.default\">\n\t\t\t\t<div class=\"elementor-widget-container\">\n\t\t\t\t\t<div class=\"elementor-spacer\">\n\t\t\t<div class=\"elementor-spacer-inner\"><\/div>\n\t\t<\/div>\n\t\t\t\t<\/div>\n\t\t\t\t<\/div>\n\t\t\t\t<div class=\"elementor-element elementor-element-9610989 elementor-widget elementor-widget-image\" data-id=\"9610989\" data-element_type=\"widget\" data-widget_type=\"image.default\">\n\t\t\t\t<div class=\"elementor-widget-container\">\n\t\t\t\t\t\t\t\t\t\t\t\t\t<img loading=\"lazy\" decoding=\"async\" width=\"150\" height=\"150\" src=\"https:\/\/www.projekte-mit-energie.de\/wp-content\/uploads\/kontakt-150x150.png\" class=\"attachment-thumbnail size-thumbnail wp-image-128\" alt=\"\" srcset=\"https:\/\/www.projekte-mit-energie.de\/wp-content\/uploads\/kontakt-150x150.png 150w, https:\/\/www.projekte-mit-energie.de\/wp-content\/uploads\/kontakt-300x300.png 300w, https:\/\/www.projekte-mit-energie.de\/wp-content\/uploads\/kontakt.png 512w\" sizes=\"(max-width: 150px) 100vw, 150px\" \/>\t\t\t\t\t\t\t\t\t\t\t\t\t<\/div>\n\t\t\t\t<\/div>\n\t\t\t\t<\/div>\n\t\t\t\t\t<\/div>\n\t\t\t\t<\/div>\n\t\t<div class=\"elementor-element elementor-element-abff9d2 e-flex e-con-boxed e-con e-parent\" data-id=\"abff9d2\" data-element_type=\"container\">\n\t\t\t\t\t<div class=\"e-con-inner\">\n\t\t\t\t\t<\/div>\n\t\t\t\t<\/div>\n\t\t\t\t<\/div>\n\t\t","protected":false},"excerpt":{"rendered":"<p>Projekte mit Energie In Zeiten hoher Energiepreise ist es f\u00fcr Unternehmen wichtig, die Energieeffizienz zu steigern, um die Energiekosten unter Kontrolle zu halten und damit die Wettbewerbsf\u00e4higkeit zu sichern. Projekte mit Energie bietet Ihnen dazu ma\u00dfgeschneiderte Dienstleistungen in den Bereichen Energieberatung, Energiemanagement, Abw\u00e4rmenutzung sowie Beratung zu F\u00f6rderprogrammen. Kontaktieren Sie uns! Energieaudits nach DIN 16247 BAFA [&hellip;]<\/p>\n","protected":false},"author":1,"featured_media":0,"parent":0,"menu_order":0,"comment_status":"closed","ping_status":"closed","template":"elementor_header_footer","meta":{"footnotes":""},"class_list":["post-8","page","type-page","status-publish","hentry"],"_links":{"self":[{"href":"https:\/\/www.projekte-mit-energie.de\/index.php?rest_route=\/wp\/v2\/pages\/8","targetHints":{"allow":["GET"]}}],"collection":[{"href":"https:\/\/www.projekte-mit-energie.de\/index.php?rest_route=\/wp\/v2\/pages"}],"about":[{"href":"https:\/\/www.projekte-mit-energie.de\/index.php?rest_route=\/wp\/v2\/types\/page"}],"author":[{"embeddable":true,"href":"https:\/\/www.projekte-mit-energie.de\/index.php?rest_route=\/wp\/v2\/users\/1"}],"replies":[{"embeddable":true,"href":"https:\/\/www.projekte-mit-energie.de\/index.php?rest_route=%2Fwp%2Fv2%2Fcomments&post=8"}],"version-history":[{"count":118,"href":"https:\/\/www.projekte-mit-energie.de\/index.php?rest_route=\/wp\/v2\/pages\/8\/revisions"}],"predecessor-version":[{"id":173,"href":"https:\/\/www.projekte-mit-energie.de\/index.php?rest_route=\/wp\/v2\/pages\/8\/revisions\/173"}],"wp:attachment":[{"href":"https:\/\/www.projekte-mit-energie.de\/index.php?rest_route=%2Fwp%2Fv2%2Fmedia&parent=8"}],"curies":[{"name":"wp","href":"https:\/\/api.w.org\/{rel}","templated":true}]}}